se 13, what is 6 + -ac46?
-ac40
In base 14, what is 1cb95 + -4?
1cb91
In base 3, what is -22 + -202211012211?
-202211020010
In base 10, what is 10 - 341186?
-341176
In base 10, what is -943 - -54?
-889
In base 13, what is 3985 - -2c?
39b4
In base 11, what is 26885 - -105?
2698a
In base 16, what is 57 - 1432?
-13db
In base 8, what is 2 - 446002?
-446000
In base 16, what is 17f4 - 28?
17cc
In base 5, what is -102 + 23223?
23121
In base 4, what is 21020 + 2312?
23332
In base 10, what is -653 + 155?
-498
In base 8, what is 3 + 56516?
56521
In base 8, what is -5743254 + 5?
-5743247
In base 13, what is 7 - 333?
-329
In base 5, what is -213 + 2003?
1240
In base 5, what is 2321 + 2131?
10002
In base 16, what is -b4 - 17?
-cb
In base 7, what is 3053 - 262?
2461
In base 8, what is 1222 + -10?
1212
In base 15, what is 4 + -39a54?
-39a50
In base 6, what is -43122 - 20?
-43142
In base 2, what is -1000 - 1011001010111100?
-1011001011000100
In base 11, what is -3590 + 2?
-3589
In base 3, what is 0 + -2200111000012?
-2200111000012
In base 16, what is e - -4299?
42a7
In base 8, what is 0 + -4001733?
-4001733
In base 14, what is 5 - -8333?
8338
In base 3, what is -21 + 22222121222?
22222121201
In base 15, what is -15e - 177?
-2d6
In base 8, what is 4733 + -33?
4700
In base 4, what is -1213112330 - -3?
-1213112321
In base 15, what is -6 - 1ae86?
-1ae8c
In base 11, what is -10 + 360176?
360166
In base 13, what is -cc04 + -4?
-cc08
In base 12, what is -1ba97 + -4?
-1ba9b
In base 9, what is -2 + -1047362?
-1047364
In base 16, what is 1dfcd + -1?
1dfcc
In base 7, what is -34206446 - 3?
-34206452
In base 6, what is 152320125 + -1?
152320124
In base 4, what is -13123 + -1002?
-20131
In base 4, what is 11331033120 - 10?
11331033110
In base 5, what is 10 + -3323020?
-3323010
In base 15, what is 7c801 + -2?
7c7ee
In base 5, what is 2 + 3323224?
3323231
In base 5, what is -10 + 2420423?
2420413
In base 3, what is -120220020122 - 11?
-120220020210
In base 3, what is 1012 - -100112011100?
100112012112
In base 4, what is -200 - 2310?
-3110
In base 9, what is -66 - -516?
440
In base 8, what is 141024 - -6?
141032
In base 12, what is -583 - -40a?
-175
In base 13, what is 3 + 632a3?
632a6
In base 14, what is 1 + -10b6?
-10b5
In base 14, what is -23549 + 0?
-23549
In base 10, what is 739 + 4?
743
In base 3, what is 202222 - 2012?
200210
In base 15, what is 1102a + 5?
11030
In base 9, what is 51277 + 5?
51283
In base 13, what is a38b + -31?
a35a
In base 14, what is 7 - 476?
-46d
In base 15, what is -4 + 8182?
817d
In base 10, what is 74 + -11361?
-11287
In base 12, what is 173 + 18?
18b
In base 11, what is 5 + 230459?
230463
In base 12, what is -18bb + -10?
-190b
In base 8, what is 672 - 26?
644
In base 11, what is -7 + a8577a?
a85773
In base 7, what is 13444 - 223?
13221
In base 4, what is 13302 + -1330012?
-1310110
In base 11, what is -62928 + 2?
-62926
In base 5, what is 20 + -1043331?
-1043311
In base 12, what is 358 - -2224?
2580
In base 2, what is 11 - -1011111100101?
1011111101000
In base 4, what is 113 - 220000?
-213221
In base 6, what is -4 - -11145?
11141
In base 16, what is -829 - -86?
-7a3
In base 4, what is 31 - -30333123?
30333220
In base 15, what is -5 - a15b6?
-a15bb
In base 2, what is -111100000100 - 10011111?
-111110100011
In base 14, what is a - -4a33?
4a3d
In base 5, what is 410122 - -124?
410301
In base 13, what is 8 - -102bc?
102c7
In base 14, what is -346 + -5a?
-3a2
In base 15, what is d - -e8?
106
In base 11, what is 1879 + 219?
1a97
In base 10, what is -875 + 157?
-718
In base 4, what is -220 + 3320313?
3320033
In base 6, what is -2 - 244052?
-244054
In base 5, what is 3 - -202312?
202320
In base 13, what is -142 - -a30?
8bb
In base 11, what is 2 + 35a5?
35a7
In base 9, what is -5 - -121587?
121582
In base 10, what is 5 + -73?
-68
In base 5, what is 120 - 2243432?
-2243312
In base 6, what is 23 + -35531?
-35504
In base 3, what is -100220210 + -1000?
-100221210
In base 14, what is -5 - -103b?
1036
In base 5, what is -1 - 3441440?
-3441441
In base 14, what is -1bd3 - c?
-1c01
In base 4, what is -120323 + -3113?
-130102
In base 14, what is 3 - -28d7?
28da
In base 4, what is -33 + 210130?
210031
In base 14, what is -4 - 27b37?
-27b3b
In base 6, what is -4 + 11210224?
11210220
In base 14, what is -8 + -7394?
-739c
In base 11, what is 5 + -2229?
-2224
In base 8, what is -24 - 3302?
-3326
In base 11, what is 4897 - 39?
4859
In base 16, what is 1ce83a + -5?
1ce835
In base 9, what is -783 - -18873?
18080
In base 5, what is 340 + -442?
-102
In base 4, what is -111101 - 220100?
-331201
In base 13, what is -3b2 - 7c2?
-ba4
In base 15, what is 24 - 78?
-54
In base 8, what is 202 + -3510?
-3306
In base 11, what is 166376 + 0?
166376
In base 16, what is 2 - 11fb?
-11f9
In base 9, what is -8 + -776?
-785
In base 8, what is -14010472 + 0?
-14010472
In base 3, what is -2 + 2201101121?
2201101112
In base 9, what is 515785 - -3?
515788
In base 11, what is 257 - -27?
283
In base 15, what is e1 + -21c?
-12b
In base 11, what is 120 + 22390?
22500
In base 8, what is -5204706 + 2?
-5204704
In base 6, what is -5 - 104034?
-104043
In base 7, what is -21250000 + -1?
-21250001
In base 8, what is 1 - -1403763?
1403764
In base 3, what is 210 - -1002122?
1010102
In base 3, what is -2202 + 211022200?
211012221
In base 4, what is 113 - -103203030?
103203203
In base 15, what is -272e - 7?
-2736
In base 13, what is -1a5 - 147?
-31c
In base 11, what is -a6 + 1a9?
103
In base 16, what is e - 3?
b
In base 15, what is 2c1e - -3?
2c22
In base 15, what is dabc4 + -4?
dabc0
In base 3, what is -112022012121 - 1?
-112022012122
In base 15, what is b0 - 207?
-147
In base 14, what is b363 + -1?
b362
In base 4, what is -12 + -13012332?
-13013010
In base 7, what is 15620241 - -5?
15620246
In base 11, what is 819331 - 4?
819328
In base 4, what is 20021 - -1132?
21213
In base 6, what is -115 - -4410?
4251
In base 16, what is -3 - 21a08?
-21a0b
In base 10, what is -234335 + 5?
-234330
In base 15, what is 47ca - -4?
47ce
In base 8, what is 1606 + -12025?
-10217
In base 4, what is 1003302131 - 0?
1003302131
In base 11, what is -1 - -9a832?
9a831
In base 14, what is -32dc4 + 8?
-32dba
In base 13, what is a531 - 51?
a4b0
In base 2, what is -10111101110101 - 1011?
-10111110000000
In base 9, what is 0 - -4763?
4763
In base 15, what is 3 + -d9563?
-d9560
In base 10, what is -5 + 80754?
80749
In base 6, what is 11 - 312331?
-312320
In base 7, what is 530 - -464?
1324
In base 10, what is -357081 + -8?
-357089
In base 2, what is -100000111000 - 10?
-100000111010
In base 11, what is 64 + 10a83?
11037
In base 2, what is -1101111101111 - 100001111?
-1110011111110
In base 15, what is 8 - 1caac?
-1caa4
In base 8, what is 252 - 521?
-247
In base 9, what is 38 + -22283?
-22244
In base 11, what is -4332 - 159?
-4490
In base 16, what is -17ee + 23?
-17cb
In base 2, what is -10001011 - 100001?
-10101100
In base 11, what is 3 - 405117?
-405114
In base 15, what is 368e + -4?
368a
In base 7, what is -235 - -316?
51
In base 9, what is 3 + -282252?
-282248
In base 9, what is 34030 - 4?
34025
In base 12, what is -5 + 12a579?
12a574
In base 2, what is 100011011 + -10011?
100001000
In base 6, what is -21 + -1315224?
-1315245
In base 9, what is 2 + 66260?
66262
In base 3, what is 122022200 - 1112?
122021011
In base 10, what is 3 - 49820?
-49817
In base 12, what is -15 - ba50?
-ba65
In base 3, what is 0 - -2120102222?
2120102222
In base 2, what is 1110011011001111 + 111?
1110011011010110
In base 5, what is -1042 + -2002?
-3044
In base 5, what is 21 + 11332?
11403
In base 5, what is 11314 + -11403?
-34
In base 11, what is 324 + 167?
490
In base 10, what is -438 - -71?
-367
In base 3, what is 10 + 11002001?
11002011
In base 3, what is 122 + -1102221?
-1102022
In base 13, what is 14b7 - -1a9?
1693
In base 13, what is 3 + 1ac41?
1ac44
In base 6, what is -301 + 14403?
14102
In base 2, what is 1010111100110 - 1011111?
1010110000111
In base 8, what is 4431 + -53?
4356
In base 12, what is 794 - 181?
613
In base 12, what is -4 - 8ba8a?
-8ba92
In base 11, what is -487 + -342?
-819
In base 13, what is -2cb + 542c?
5131
In base 5, what is 1203 - -13301?
20004
In base 16, what is -af75 - -c?
-af69
In base 5, what is 10 + -2313404?
-2313344
In 